+ 11*x**2 + 4*x - 3. Let i(y) = v*k(y) + 3*j(y). What is i(-7)?
6
Let h(c) = 6*c**3 + 9*c**2 - 3*c - 5. Let l(k) = -7*k**3 - 10*k**2 + 3*k + 6. Let q(z) = 6*h(z) + 5*l(z). Let x = -1874 - -1869. Determine q(x).
-10
Let u = -4799/12 - -400. Let z(k) be the third derivative of 0*k - u*k**4 + 0 - 1/6*k**3 + 6*k**2. Give z(1).
-3
Let p(h) be the second derivative of 0 + 1/6*h**3 - h**2 - 14*h. What is p(-5)?
-7
Suppose 0 = -3*b - 5*g - 5 + 15, 0 = 3*b - 3*g + 6. Let u be (-3)/(2*3/(-4)). Suppose -d + u*d - 5 = b. Let n(c) = -c + 6. Give n(d).
1
Let z(w) = 1 + 0 - 6 - 18*w + 5. Calculate z(1).
-18
Suppose -5*p - 3*i - 8 = 1, -2*p + 3*i = -9. Suppose 0 = 3*t + 12, a + 5*t - 5 + 32 = p. Let f(u) = -u**3 - 6*u**2 + 6*u - 6. What is f(a)?
1
Let q(g) = 111*g**3 + 6*g**2 + 3*g - 8. Let l(h) = 37*h**3 + 2*h**2 + h - 3. Let j(n) = 8*l(n) - 3*q(n). Give j(-1).
36
Let x(z) = -11*z**2 - 4*z + 17. Let w(g) = 5*g**2 + 2*g - 8. Let r(n) = -9*w(n) - 4*x(n). Let p = 2632 - 2636. Give r(p).
-4
Let w(x) = x**3 + 5*x**2 + 5*x + 1. Let g(s) = -s. Let z = 9 + 23. Suppose 0 = 5*h - h + 4*o - z, -h = -5*o + 16. Let v be g(h). Give w(v).
-3
Let p = -99 - -99. Let w(m) be the third derivative of -m**5/60 - m**4/24 + m**3/6 + 48*m**2. What is w(p)?
1
Suppose g + 5 = -4*r, 4*r = -2*g + 19 - 21. Let l(z) = 13*z. Calculate l(r).
-26
Let n(a) = 10*a**2 + 3 - 1 - a + 0. Let m be n(2). Suppose 4*o - m = 5*t - o, -4*o = -20. Let f(r) = -r**2 - 3*r + 1. Determine f(t).
1
Let q(f) be the third derivative of f**5/60 + f**4/4 - f**3/3 - 3*f**2. Suppose -y = -l - 2 + 11, 2*l = 3*y + 23. What is q(y)?
-7
Let g(k) = k**2 + 2*k + 0*k + 2*k - 9 + 3. Determine g(-6).
6
Let p(o) be the second derivative of -1/2*o**4 + o**3 - 3/2*o**2 + 0 - 18*o - 1/20*o**5. Calculate p(-7).
4
Let r(z) = -4*z - 5. Suppose 0 = 28*j - 23*j - 55. Let s(v) = -7*v - 9. Let d(y) = j*r(y) - 6*s(y). Suppose 3*t + 0*t = 12. Calculate d(t).
-9
Suppose -6*x + 5*x + 4 = 0. Let n(d) = -6*d**2 - 22*d - d**3 + x + 15*d + 14*d**2. Determine n(7).
4
Let p(k) = k**2 - 9*k + 4. Let n(r) = 4*r**3 + r**2 - 5*r + 5. Let j be n(1). Calculate p(j).
-16
Suppose -v + 3*d = 4, -4*v + 8*d = 4*d - 8. Let o(u) = 7*u**2 - 4*u - 7. Let l(p) = 15*p**2 - 8*p - 14. Let m(y) = 6*l(y) - 13*o(y). Determine m(v).
2
Let z(t) = 2*t + 16 + 5*t - 13 + t**2. Let m(i) = 3*i - 5. Let g be m(5). Let y be 5/((-15)/(-9)) - g. Determine z(y).
3
Let b(r) = r - 8. Let v = -1 + 1. Let s(u) = 8*u + 20. Let m be s(0). Suppose 3*w + w - m = v. Give b(w).
-3
Let l(k) = k**2 + 26*k + 130. Let w be l(-6). Let t(a) = a**2 - 11*a + 10. Determine t(w).
0
Suppose 4*b = 9*b - 165. Let d(o) = -b + 20 + 15 - o. Give d(3).
-1
Let o be 2/(-6)*9*-1. Suppose -45 = -2*l - 7*l. Let p(x) = -l*x - 5 + 4 + 4*x. Determine p(o).
-4
Suppose -5*g + 11*g - 18 = 0. Let d(t) = 57*t + g*t**3 - 4*t**3 - 58*t + 0*t**2 + 4*t**2. Determine d(4).
-4
Suppose 5*n = -4*l + 4, -3*n + 16 = -n - 2*l. Let t(m) be the second derivative of -3/2*m**2 - 1/3*m**3 + 3*m + 1/20*m**5 + 0 - 1/4*m**4. What is t(n)?
5
Let y(t) = -t**3 + t**2 - t + 2. Let b(r) = -r**2 + 6*r - 2. Let f be b(5). Suppose 0*l - 6 = f*l. Let o be ((-8)/l)/((-4)/(-2)). Calculate y(o).
-4
Suppose -6*v - 3*g - 33 = -9*v, 3*g = -6. Let x(a) = a**3 - 8*a**2 - 7*a - 9. What is x(v)?
9
Let x be 3 - 1/((-3)/39). Let q(y) = 15*y**2 - y - 11 - x*y**2 + 12*y. What is q(10)?
-1
Let p = -208 + 206. Let i be (0 - 2)/(-1 + 2). Let s = p + i. Let t(u) = u - 2. What is t(s)?
-6
Let i(l) = -l**2 - l - 2. Let a(c) = c**3 - 6*c**2 + 8*c - 10. Let o be a(5). Suppose 9*q - o*q = 16. Calculate i(q).
-22
Suppose 11 - 7 = f. Suppose f*m + 19 = -5*u, -5*u = 5*m + 7 + 18. Let j(a) = 2*a**2 - a**2 + 7*a + 0*a**2. Determine j(m).
-6
Let u(l) be the first derivative of -l**3/3 + 4*l**2 + 13*l - 33. What is u(9)?
4
Let o be (-1 - -2)*(3 - 0). Let s(k) = 4 + 93*k + 1 - 92*k - 3. Let z(n) = -n + 1. Let p(v) = s(v) + 2*z(v). What is p(o)?
1
Let b(q) = 6*q**3 + q - 1. Let p = 1340 - 1339. Determine b(p).
6
Let z = 8 - 14. Let w(c) be the second derivative of 4*c + 1/3*c**3 + 0 + 9/2*c**2. Determine w(z).
-3
Let b(v) = v**2 - 2*v**2 + 9 + 301*v - 300*v. Calculate b(0).
9
Let o = 401 - 385. Let l(d) = d**3 - 17*d**2 + 18*d - 24. Determine l(o).
8
Let v(n) be the first derivative of -n**6/360 + 5*n**4/24 - 4*n**3 + 6. Let l(i) be the third derivative of v(i). Determine l(-4).
-11
Let m(q) = -q**3 + 12*q**2 - q + 14. Let x be m(12). Suppose -x*c + 6 = -0. Let a(r) = c*r**3 - 2*r**3 + 0*r**3 - 4*r - 8 - 5*r**2. Calculate a(6).
4
Suppose 59*l + 10 = 49*l. Let m(t) = 98*t - 98*t + 1 - 3*t**2. What is m(l)?
-2
Let j(t) = -t**3 + t**2 + 2*t + 10. Let p(u) = -u**2 + u - 1. Let m(f) = j(f) + 5*p(f). Suppose -3*x + 20 = -7*x. Determine m(x).
-5
Let b(g) be the first derivative of -2*g**3/3 + 18*g + 8. Let c(y) be the first derivative of b(y). Calculate c(-1).
4
Suppose w = 7 + 1. Suppose -3*v + w*v + 10 = 0. Let l(y) = -5 - 224*y + 5 + 221*y. Calculate l(v).
6
Let n(s) be the first derivative of -s**2 + 15*s - 188. Give n(13).
-11
Let y be (84/(-35))/(4/(-10)). Let c(w) = y*w**2 - 116*w**3 - w + 4*w + 117*w**3. Give c(-5).
10
Let n(i) be the third derivative of i**6/120 + i**5/30 - i**4/4 - 7*i**3/6 - 98*i**2. Give n(-5).
-52
Let b(d) = 0*d + 12*d**2 + 0*d + 1 - 2*d. Let v(y) = y**3 + 23*y**2 - 4*y - 52. Let a be v(-23). Let j = a - 39. Calculate b(j).
11
Let h(d) = -1 - 200*d + 197*d - 1. Let w = -4 + 2. Determine h(w).
4
Let x(m) = -m**2 + 6*m - 4. Let b be x(4). Let i be -1 + (b + -3)*1. Let j(q) = q + 3. What is j(i)?
3
Let i(u) = -u - 5. Let f(g) = -11*g + 29. Let s(p) = -5*p + 14. Let t(h) = -3*f(h) + 7*s(h). Let m be (1 + -2)*8*-1. Let v be t(m). Determine i(v).
0
Let a(h) = -4*h**2 + h**3 - 2*h + 0 + 0*h - 2*h**2 - 1. Let p = -2 + 8. Determine a(p).
-13
Let q(f) = -f**2 + 4*f + 3. Let c(a) be the third derivative of -5*a**2 + 0 + 0*a + 1/12*a**4 - 5/6*a**3. Let l be c(4). Give q(l).
6
Let m(g) be the second derivative of -g**5/20 + 7*g**4/12 - g**3/6 - 3*g**2/2 + 84*g. What is m(7)?
-10
Let h(y) = -326*y**2 + 326*y**2 + 1 + 7*y**3. Let s(r) = r + 3. Let c be s(-2). Calculate h(c).
8
Let b(w) = -3*w + w - 3*w - 1 + 7*w**2 + 3*w. Let h(d) = d**3 + 6*d**2 - 7*d - 1. Let f be h(-7). Calculate b(f).
8
Let v = -352 - -352. Let i(g) be the third derivative of -g**4/24 - g**2. Give i(v).
0
Let m(l) = -l**2 + 5*l - 4. Let a be m(4). Suppose a = -x - 3*x. Let o(n) = -2 + x - 5*n + 0*n + 3. Give o(1).
-4
Let t(a) be the first derivative of -7*a**2/2 + a + 85. What is t(4)?
-27
Suppose -4*m + m + 27 = 5*p, 5*m = -5*p + 35. Suppose 0 = 7*a - 8*a + p. Let w(d) = 1 + 3 + d - 3*d**2 - a. What is w(2)?
-9
Suppose 8*q - 9*q = -5. Suppose -4*n + m = 29, q = 2*n - 3*n - 2*m. Let d(i) = -i**3 - 6*i**2 + 9*i + 7. Give d(n).
-7
Let w(z) be the third derivative of z**4/8 + 17*z**3/6 - 187*z**2. What is w(-5)?
2
Let v be (1*4/18)/((-96)/(-864)). Let f(g) be the second derivative of -1/3*g**4 + 1/6*g**3 + 1/20*g**5 - 2*g**v + 0 - 7*g. Calculate f(4).
0
Let v be 9 + -10 - (2 - 3). Let s(b) be the first derivative of b**4/12 - b**3/6 - b**2/2 + 2*b + 1. Let f(j) be the first derivative of s(j). Give f(v).
-1
Suppose -19*c = -56 - 1. Let d(k) = 7*k**2 + k + 7. Let t(b) = 15*b**2 + 3*b + 15. Let n(s) = -13*d(s) + 6*t(s). What is n(c)?
5
Let n = -63 + 68. Let r(s) = -13*s - 2 + 9*s + n*s. Calculate r(0).
-2
Let w(k) be the third derivative of k**4/4 - k**2 + 4*k. What is w(3)?
18
Suppose -6*u + 17*u = -132. Let v be ((-30)/u + -2)/((-2)/4). Let d(f) = -8*f**3 + f**2 - 1. Give d(v).
8
Let i be ((-9)/6)/(1/2). Suppose 3*y + 4*x + 14 = 0, -2*y + 5*y - 31 = 5*x. Let m(a) = a**2 + 2*a - 28 + 29 + y*a. Calculate m(i).
-2
Let y(g) = -16*g**3 - 8*g**2 + 13*g - 27. Let m(d) = 21*d**3 + 7*d**2 - 14*d + 27. Let p(t) = -3*m(t) - 4*y(t). Calculate p(-12).
3
Let o(z) = -z**2 - 9*z + 4. Suppose 57 = -11*b - 53. Give o(b).
-6
Let h(g) = g**3 + g**2 - g - 4. Suppose 0 = z + q + 3, z + 0*q + 3*q = -9. Let u be h(z). Let k be (-25)/u - 2/8. Let y(p) = p**2 - 6*p + 7. Determine y(k).
7
Let t(h) = -10*h**2 + 2*h - 1. Suppose -6*w = -44 + 32. Let l(q) be the second derivative of -q**3/6 + 3*q**2/2 - 2*q. Let j be l(w). Give t(j).
-9
Let q(i) = -3*i - 6. Suppose -9 = o - 3*n - 26, 3*o = 4*n + 66. Suppose 0 = 4*l + 2*a + 1